{"id":222,"date":"2022-02-13T00:39:31","date_gmt":"2022-02-12T23:39:31","guid":{"rendered":"https:\/\/www.noskills.de\/?page_id=222"},"modified":"2025-01-03T11:42:45","modified_gmt":"2025-01-03T10:42:45","slug":"justmasterpieces","status":"publish","type":"page","link":"https:\/\/www.noskills.de\/?page_id=222","title":{"rendered":"justMasterpieces"},"content":{"rendered":"\n<p>Willkommen in der noSkills Manufaktur. <br \/>Hier gibt es limitierte und exklusive Styles f\u00fcr dich!<\/p>\n\n\n\n<h2 class=\"wp-block-heading\">#006<br \/>noSkills &#8211; justSocks <\/h2>\n\n\n\n<p>Die neuen superbequemen Statementsocken kannst du ab sofort an deinen F\u00fc\u00dfen tragen. <br>Die geschmeidigen Socken sind aus 80 % Baumwolle, 15 % Polyamid und 5 % Elasthan und du kannst zwischen den Gr\u00f6\u00dfen 37-41 und 42-46 w\u00e4hlen. <br>Bestellen kannst du sie in unserem Etsy Shop: <a href=\"https:\/\/www.etsy.com\/de\/listing\/1794339948\/die-original-justsocks\">https:\/\/www.etsy.com\/de\/listing\/1794339948\/die-original-justsocks<\/a><\/p>\n\n\n\n<p><\/p>\n\n\n\n<p><\/p>\n\n\n\n<figure class=\"wp-block-image size-large\"><img loading=\"lazy\" decoding=\"async\" width=\"1024\" height=\"1024\" src=\"https:\/\/www.noskills.de\/wp-content\/uploads\/2024\/10\/CC428263-19F9-48C1-9661-2A72F0DF15FC-1024x1024.jpg\" alt=\"\" class=\"wp-image-428\" srcset=\"https:\/\/www.noskills.de\/wp-content\/uploads\/2024\/10\/CC428263-19F9-48C1-9661-2A72F0DF15FC-1024x1024.jpg 1024w, https:\/\/www.noskills.de\/wp-content\/uploads\/2024\/10\/CC428263-19F9-48C1-9661-2A72F0DF15FC-300x300.jpg 300w, https:\/\/www.noskills.de\/wp-content\/uploads\/2024\/10\/CC428263-19F9-48C1-9661-2A72F0DF15FC-150x150.jpg 150w, https:\/\/www.noskills.de\/wp-content\/uploads\/2024\/10\/CC428263-19F9-48C1-9661-2A72F0DF15FC-768x768.jpg 768w, https:\/\/www.noskills.de\/wp-content\/uploads\/2024\/10\/CC428263-19F9-48C1-9661-2A72F0DF15FC-1536x1536.jpg 1536w, https:\/\/www.noskills.de\/wp-content\/uploads\/2024\/10\/CC428263-19F9-48C1-9661-2A72F0DF15FC-2048x2048.jpg 2048w, https:\/\/www.noskills.de\/wp-content\/uploads\/2024\/10\/CC428263-19F9-48C1-9661-2A72F0DF15FC-100x100.jpg 100w\" sizes=\"auto, (max-width: 767px) 89vw, (max-width: 1000px) 54vw, (max-width: 1071px) 543px, 580px\" \/><\/figure>\n\n\n\n<h2 class=\"wp-block-heading\">#005<br \/>noSkills &#8211; justTieDyeSportbeutel<\/h2>\n\n\n\n<p><\/p>\n\n\n\n<p>Diese Masterpiece ist eine Homage an den TieDye Style und ein absolutes Must-Have f\u00fcr deinen Sommer. Ger\u00e4umig, geschmeidig und ein absoluter Hingucker. <br \/>Die Bestellung ist kinderleicht, schicke einfach eine E-Mail an info@noskills.de und du wir melden uns bei dir.<\/p>\n\n\n\n<figure class=\"wp-block-image size-large\"><img loading=\"lazy\" decoding=\"async\" width=\"1024\" height=\"1006\" src=\"https:\/\/www.noskills.de\/wp-content\/uploads\/2024\/04\/img_3589-e1714496947488-1024x1006.jpg\" alt=\"\" class=\"wp-image-405\" srcset=\"https:\/\/www.noskills.de\/wp-content\/uploads\/2024\/04\/img_3589-e1714496947488-1024x1006.jpg 1024w, https:\/\/www.noskills.de\/wp-content\/uploads\/2024\/04\/img_3589-e1714496947488-300x295.jpg 300w, https:\/\/www.noskills.de\/wp-content\/uploads\/2024\/04\/img_3589-e1714496947488-768x754.jpg 768w, https:\/\/www.noskills.de\/wp-content\/uploads\/2024\/04\/img_3589-e1714496947488.jpg 1500w\" sizes=\"auto, (max-width: 767px) 89vw, (max-width: 1000px) 54vw, (max-width: 1071px) 543px, 580px\" \/><\/figure>\n\n\n\n<figure class=\"wp-block-image size-large\"><img loading=\"lazy\" decoding=\"async\" width=\"1024\" height=\"1004\" src=\"https:\/\/www.noskills.de\/wp-content\/uploads\/2024\/04\/img_3863-e1714496988104-1024x1004.jpg\" alt=\"\" class=\"wp-image-404\" srcset=\"https:\/\/www.noskills.de\/wp-content\/uploads\/2024\/04\/img_3863-e1714496988104-1024x1004.jpg 1024w, https:\/\/www.noskills.de\/wp-content\/uploads\/2024\/04\/img_3863-e1714496988104-300x294.jpg 300w, https:\/\/www.noskills.de\/wp-content\/uploads\/2024\/04\/img_3863-e1714496988104-768x753.jpg 768w, https:\/\/www.noskills.de\/wp-content\/uploads\/2024\/04\/img_3863-e1714496988104.jpg 1230w\" sizes=\"auto, (max-width: 767px) 89vw, (max-width: 1000px) 54vw, (max-width: 1071px) 543px, 580px\" \/><\/figure>\n\n\n\n<h2 class=\"wp-block-heading\">#004<br \/>noSkills &#8211; justKnittedScarf<\/h2>\n\n\n\n<p>Es ist soweit ich bin stolz wie Harry das neue Masterpiece aus der -justKnitted Serie vorzustellen. Den noskills Schal. W\u00e4rme dich in Style und style dich in W\u00e4rme!<\/p>\n\n\n\n<figure class=\"wp-block-image size-large\"><img loading=\"lazy\" decoding=\"async\" width=\"997\" height=\"1024\" src=\"https:\/\/www.noskills.de\/wp-content\/uploads\/2024\/04\/c67cecb8-9e15-4e39-8e5b-97c9e422fbc2-1-e1714496387952-997x1024.jpg\" alt=\"\" class=\"wp-image-403\" srcset=\"https:\/\/www.noskills.de\/wp-content\/uploads\/2024\/04\/c67cecb8-9e15-4e39-8e5b-97c9e422fbc2-1-e1714496387952-997x1024.jpg 997w, https:\/\/www.noskills.de\/wp-content\/uploads\/2024\/04\/c67cecb8-9e15-4e39-8e5b-97c9e422fbc2-1-e1714496387952-292x300.jpg 292w, https:\/\/www.noskills.de\/wp-content\/uploads\/2024\/04\/c67cecb8-9e15-4e39-8e5b-97c9e422fbc2-1-e1714496387952-768x788.jpg 768w, https:\/\/www.noskills.de\/wp-content\/uploads\/2024\/04\/c67cecb8-9e15-4e39-8e5b-97c9e422fbc2-1-e1714496387952-1496x1536.jpg 1496w, https:\/\/www.noskills.de\/wp-content\/uploads\/2024\/04\/c67cecb8-9e15-4e39-8e5b-97c9e422fbc2-1-e1714496387952.jpg 1500w\" sizes=\"auto, (max-width: 767px) 89vw, (max-width: 1000px) 54vw, (max-width: 1071px) 543px, 580px\" \/><\/figure>\n\n\n\n<p>Die Bestellung ist kinderleicht einfach eine E-Mail an info@noskills.de schicken.<\/p>\n\n\n\n<h2 class=\"wp-block-heading\">#003<br \/>noSkills &#8211; justKnittedBeanie<\/h2>\n\n\n\n<p>Es ist soweit ich bin stolz wie Harry dir die brandneuen noskills M\u00fctzen vorzustellen. Ganz nach dem Motto \u201eschick in Strick\u201c gibts f\u00fcr dich und deine Lieben was Warmes f\u00fcr den Winter! Dieses Accessoire darf definitiv unter keinem Weihnachtsbaum fehlen!<br \/><br \/>Du kannst zwischen diesen drei ultimativen Farbkombinationen w\u00e4hlen: #Threeshadesofgrey, #Pinkylicious, #Cyanara<\/p>\n\n\n\n<p>Die Bestellung ist supereasy!<br \/><br \/>Schreib einfach eine Mail mit deinem Namen und der gew\u00fcnschten Farbkombi inkl. gew\u00fcnschte Anzahl an <a href=\"mailto:info@noskills.de\">info@noskills.de<\/a> und du bist dabei.<br \/><br \/><strong>Vorbestellt werden kann bis zum 23.10.2022<\/strong><br \/><br \/>Das Masterpiece #003 gibts f\u00fcr behagliche 29,95 \u20ac<br \/><br \/>Wenn alle Bestellungen vorliegen schicke ich dir eine E-Mail mit den Details (Lieferung, Zahlungsmodalit\u00e4ten).<br \/><br \/>Hier ein Vorgeschmack aufs noSkills Masterpiece #003<\/p>\n\n\n\n<figure class=\"wp-block-image size-full\"><img loading=\"lazy\" decoding=\"async\" width=\"339\" height=\"367\" src=\"https:\/\/www.noskills.de\/wp-content\/uploads\/2022\/10\/IMG_0188-1.png\" alt=\"\" class=\"wp-image-328\" srcset=\"https:\/\/www.noskills.de\/wp-content\/uploads\/2022\/10\/IMG_0188-1.png 339w, https:\/\/www.noskills.de\/wp-content\/uploads\/2022\/10\/IMG_0188-1-277x300.png 277w\" sizes=\"auto, (max-width: 339px) 100vw, 339px\" \/><figcaption class=\"wp-element-caption\">Farbkombi: Threeshadesofgrey<\/figcaption><\/figure>\n\n\n\n<figure class=\"wp-block-image size-full\"><img loading=\"lazy\" decoding=\"async\" width=\"339\" height=\"367\" src=\"https:\/\/www.noskills.de\/wp-content\/uploads\/2022\/10\/IMG_0187-1.png\" alt=\"\" class=\"wp-image-329\" srcset=\"https:\/\/www.noskills.de\/wp-content\/uploads\/2022\/10\/IMG_0187-1.png 339w, https:\/\/www.noskills.de\/wp-content\/uploads\/2022\/10\/IMG_0187-1-277x300.png 277w\" sizes=\"auto, (max-width: 339px) 100vw, 339px\" \/><figcaption class=\"wp-element-caption\">Farbkombi: Pinkylicious<\/figcaption><\/figure>\n\n\n\n<figure class=\"wp-block-image size-full\"><img loading=\"lazy\" decoding=\"async\" width=\"339\" height=\"367\" src=\"https:\/\/www.noskills.de\/wp-content\/uploads\/2022\/10\/IMG_0186-1.png\" alt=\"\" class=\"wp-image-330\" srcset=\"https:\/\/www.noskills.de\/wp-content\/uploads\/2022\/10\/IMG_0186-1.png 339w, https:\/\/www.noskills.de\/wp-content\/uploads\/2022\/10\/IMG_0186-1-277x300.png 277w\" sizes=\"auto, (max-width: 339px) 100vw, 339px\" \/><figcaption class=\"wp-element-caption\">Farbkombi: Cyanara<\/figcaption><\/figure>\n\n\n\n<h2 class=\"wp-block-heading\">#002<br \/>noSkills &#8211; justSchlappen<\/h2>\n\n\n\n<p>&#8222;Ich bin von Kopf bis Fu\u00df auf noSkills eingestellt&#8220; Erstmals in der Geschichte von noSkills gibt es ultimativen Style f\u00fcr die F\u00fc\u00dfe. Diese Schlappen sind das Must-Have f\u00fcr diesen Sommer und du hast jetzt die Chance eines dieser exklusiven Meisterst\u00fccke zu ordern. <br \/><br \/>Die Schlappen kommen im zeitlosen Schwarz mit dem noSkills square Logo. Und als ob das nicht schon stylish genug w\u00e4re kannst du die Schlappen auch noch mit deinem Namen personalisieren, damit du sie am Pool nicht verwechselt!<\/p>\n\n\n\n<p>Die Bestellung ist supereasy!<br \/><br \/>Schreib einfach eine Mail mit deinem Namen und der gew\u00fcnschten Gr\u00f6\u00dfe an <a href=\"mailto:info@noskills.de\">info@noskills.de<\/a> und du bist dabei.<\/p>\n\n\n\n<p><strong>Vorbestellt werden kann bis zum 22.05.2022<\/strong> <\/p>\n\n\n\n<p>Die Schlappen werden 35-45 \u20ac pro Paar kosten.<\/p>\n\n\n\n<p>Wenn alle Bestellungen vorliegen schicke ich eine E-Mail mit den Details (Kosten inkl. Lieferung, Zahlungsmodalit\u00e4ten). <\/p>\n\n\n\n<p>Hier ein Vorgeschmack aufs noSkills Masterpiece #002<\/p>\n\n\n\n<figure class=\"wp-block-image size-large\"><img loading=\"lazy\" decoding=\"async\" width=\"1024\" height=\"1024\" src=\"https:\/\/www.noskills.de\/wp-content\/uploads\/2022\/04\/E6C45F1B-FF8D-4321-98A4-EB29D3F150B5-1024x1024.jpeg\" alt=\"\" class=\"wp-image-268\" srcset=\"https:\/\/www.noskills.de\/wp-content\/uploads\/2022\/04\/E6C45F1B-FF8D-4321-98A4-EB29D3F150B5-1024x1024.jpeg 1024w, https:\/\/www.noskills.de\/wp-content\/uploads\/2022\/04\/E6C45F1B-FF8D-4321-98A4-EB29D3F150B5-300x300.jpeg 300w, https:\/\/www.noskills.de\/wp-content\/uploads\/2022\/04\/E6C45F1B-FF8D-4321-98A4-EB29D3F150B5-150x150.jpeg 150w, https:\/\/www.noskills.de\/wp-content\/uploads\/2022\/04\/E6C45F1B-FF8D-4321-98A4-EB29D3F150B5-768x768.jpeg 768w, https:\/\/www.noskills.de\/wp-content\/uploads\/2022\/04\/E6C45F1B-FF8D-4321-98A4-EB29D3F150B5-100x100.jpeg 100w, https:\/\/www.noskills.de\/wp-content\/uploads\/2022\/04\/E6C45F1B-FF8D-4321-98A4-EB29D3F150B5.jpeg 1053w\" sizes=\"auto, (max-width: 767px) 89vw, (max-width: 1000px) 54vw, (max-width: 1071px) 543px, 580px\" \/><\/figure>\n\n\n\n<p>Ja, die Schlappen sind der Hammer und deshalb gibt es auch schon die <strong>n\u00e4chste Sammelbestellung<\/strong>. Teilnahme wie oben beschrieben. Deadline ist der 03.07.22 <\/p>\n\n\n\n<h2 class=\"wp-block-heading\" id=\"001-noskills-justembroidered-snaback-cap\">#001 <br \/>noSkills &#8211; justEmbroidered Snaback Cap <\/h2>\n\n\n\n<p>Aus unserer noSkills-Family kam der Wunsch nach einer bestickten Version der noSkills Cap! Diesen Wunsch werde ich Pauly gerne erf\u00fcllen und setze noch einen drauf,<br \/>denn auch du hast jetzt die Chance eines dieser exklusiven Meisterst\u00fccke zu ordern. <br \/><br \/>Die Cap kommt in zeitlosem navyblau mit rotem Schild und dem noSkills frontprint sowie dem Minilogo auf der rechten Seite.<br \/><br \/>Die Bestellung ist supereasy!<\/p>\n\n\n\n<p>Schreib einfach eine Mail mit deinem Namen und der Anzahl der gew\u00fcnschten Caps an <a href=\"mailto:info@noskills.de\">info@noskills.de<\/a> und du bist dabei. <\/p>\n\n\n\n<p><strong>Vorbestellt werden kann bis zum 20.02.2022.<\/strong><\/p>\n\n\n\n<p>Die Cap wird, je nach Abnahmemenge, zwischen 50 und 60 Euro kosten.<\/p>\n\n\n\n<p>Wenn alle Bestellungen vorliegen schicke ich eine E-Mail mit den Details (Kosten inkl. Lieferung, Zahlungsmodalit\u00e4ten). <\/p>\n\n\n\n<p>Hier ein Vorgeschmack aufs noSkills Masterpiece #001<\/p>\n\n\n\n<figure class=\"wp-block-image size-large\"><img loading=\"lazy\" decoding=\"async\" width=\"997\" height=\"1024\" src=\"https:\/\/www.noskills.de\/wp-content\/uploads\/2022\/02\/noSkills-Mastepiece001-997x1024.jpg\" alt=\"\" class=\"wp-image-230\" srcset=\"https:\/\/www.noskills.de\/wp-content\/uploads\/2022\/02\/noSkills-Mastepiece001-997x1024.jpg 997w, https:\/\/www.noskills.de\/wp-content\/uploads\/2022\/02\/noSkills-Mastepiece001-292x300.jpg 292w, https:\/\/www.noskills.de\/wp-content\/uploads\/2022\/02\/noSkills-Mastepiece001-768x789.jpg 768w, https:\/\/www.noskills.de\/wp-content\/uploads\/2022\/02\/noSkills-Mastepiece001.jpg 1114w\" sizes=\"auto, (max-width: 767px) 89vw, (max-width: 1000px) 54vw, (max-width: 1071px) 543px, 580px\" \/><\/figure>\n\n\n\n<p><br \/>Im Original bestickten style sieht das ganze so aus. Ein echtes Masterpiece! Vielleicht gibts demn\u00e4chst eine neue Auflage &#8211; bei Interesse einfach e-Mail an info@noskills.de<\/p>\n\n\n\n<figure class=\"wp-block-image size-large\"><img loading=\"lazy\" decoding=\"async\" width=\"2498\" height=\"2498\" src=\"https:\/\/www.noskills.de\/wp-content\/uploads\/2022\/02\/d6485a5a-19cc-444e-b122-49f2612a3e55.jpg\" alt=\"\" class=\"wp-image-248\" srcset=\"https:\/\/www.noskills.de\/wp-content\/uploads\/2022\/02\/d6485a5a-19cc-444e-b122-49f2612a3e55.jpg 2498w, https:\/\/www.noskills.de\/wp-content\/uploads\/2022\/02\/d6485a5a-19cc-444e-b122-49f2612a3e55-300x300.jpg 300w, https:\/\/www.noskills.de\/wp-content\/uploads\/2022\/02\/d6485a5a-19cc-444e-b122-49f2612a3e55-1024x1024.jpg 1024w, https:\/\/www.noskills.de\/wp-content\/uploads\/2022\/02\/d6485a5a-19cc-444e-b122-49f2612a3e55-150x150.jpg 150w, https:\/\/www.noskills.de\/wp-content\/uploads\/2022\/02\/d6485a5a-19cc-444e-b122-49f2612a3e55-768x768.jpg 768w, https:\/\/www.noskills.de\/wp-content\/uploads\/2022\/02\/d6485a5a-19cc-444e-b122-49f2612a3e55-1536x1536.jpg 1536w, https:\/\/www.noskills.de\/wp-content\/uploads\/2022\/02\/d6485a5a-19cc-444e-b122-49f2612a3e55-2048x2048.jpg 2048w, https:\/\/www.noskills.de\/wp-content\/uploads\/2022\/02\/d6485a5a-19cc-444e-b122-49f2612a3e55-100x100.jpg 100w\" sizes=\"auto, (max-width: 767px) 89vw, (max-width: 1000px) 54vw, (max-width: 1071px) 543px, 580px\" \/><\/figure>\n\n\n\n<figure class=\"wp-block-image size-large\"><img loading=\"lazy\" decoding=\"async\" width=\"2560\" height=\"1920\" src=\"https:\/\/www.noskills.de\/wp-content\/uploads\/2022\/02\/img_2555-2-scaled.jpg\" alt=\"\" class=\"wp-image-253\" srcset=\"https:\/\/www.noskills.de\/wp-content\/uploads\/2022\/02\/img_2555-2-scaled.jpg 2560w, https:\/\/www.noskills.de\/wp-content\/uploads\/2022\/02\/img_2555-2-300x225.jpg 300w, https:\/\/www.noskills.de\/wp-content\/uploads\/2022\/02\/img_2555-2-1024x768.jpg 1024w, https:\/\/www.noskills.de\/wp-content\/uploads\/2022\/02\/img_2555-2-768x576.jpg 768w, https:\/\/www.noskills.de\/wp-content\/uploads\/2022\/02\/img_2555-2-1536x1152.jpg 1536w, https:\/\/www.noskills.de\/wp-content\/uploads\/2022\/02\/img_2555-2-2048x1536.jpg 2048w\" sizes=\"auto, (max-width: 767px) 89vw, (max-width: 1000px) 54vw, (max-width: 1071px) 543px, 580px\" \/><\/figure>\n","protected":false},"excerpt":{"rendered":"<p>Willkommen in der noSkills Manufaktur. Hier gibt es limitierte und exklusive Styles f\u00fcr dich! #006noSkills &#8211; justSocks Die neuen superbequemen Statementsocken kannst du ab sofort an deinen F\u00fc\u00dfen tragen. Die geschmeidigen Socken sind aus 80 % Baumwolle, 15 % Polyamid und 5 % Elasthan und du kannst zwischen den Gr\u00f6\u00dfen 37-41 und 42-46 w\u00e4hlen. Bestellen &hellip; <\/p>\n<p class=\"link-more\"><a href=\"https:\/\/www.noskills.de\/?page_id=222\" class=\"more-link\"><span class=\"screen-reader-text\">\u201ejustMasterpieces\u201c<\/span> weiterlesen<\/a><\/p>\n","protected":false},"author":1,"featured_media":0,"parent":0,"menu_order":0,"comment_status":"closed","ping_status":"closed","template":"","meta":{"footnotes":""},"class_list":["post-222","page","type-page","status-publish","hentry"],"_links":{"self":[{"href":"https:\/\/www.noskills.de\/index.php?rest_route=\/wp\/v2\/pages\/222","targetHints":{"allow":["GET"]}}],"collection":[{"href":"https:\/\/www.noskills.de\/index.php?rest_route=\/wp\/v2\/pages"}],"about":[{"href":"https:\/\/www.noskills.de\/index.php?rest_route=\/wp\/v2\/types\/page"}],"author":[{"embeddable":true,"href":"https:\/\/www.noskills.de\/index.php?rest_route=\/wp\/v2\/users\/1"}],"replies":[{"embeddable":true,"href":"https:\/\/www.noskills.de\/index.php?rest_route=%2Fwp%2Fv2%2Fcomments&post=222"}],"version-history":[{"count":27,"href":"https:\/\/www.noskills.de\/index.php?rest_route=\/wp\/v2\/pages\/222\/revisions"}],"predecessor-version":[{"id":449,"href":"https:\/\/www.noskills.de\/index.php?rest_route=\/wp\/v2\/pages\/222\/revisions\/449"}],"wp:attachment":[{"href":"https:\/\/www.noskills.de\/index.php?rest_route=%2Fwp%2Fv2%2Fmedia&parent=222"}],"curies":[{"name":"wp","href":"https:\/\/api.w.org\/{rel}","templated":true}]}}